{"id":46,"date":"2019-09-14T13:08:09","date_gmt":"2019-09-14T11:08:09","guid":{"rendered":"http:\/\/www.ms-wartberg.at\/wordpress\/?page_id=46"},"modified":"2025-09-23T07:19:00","modified_gmt":"2025-09-23T05:19:00","slug":"angebote","status":"publish","type":"page","link":"https:\/\/www.ms-wartberg.at\/?page_id=46","title":{"rendered":"Angebote"},"content":{"rendered":"<p>[et_pb_section fb_built=&#8220;1&#8243; _builder_version=&#8220;4.16&#8243; custom_padding=&#8220;||0px|||&#8220; global_colors_info=&#8220;{}&#8220;][et_pb_row _builder_version=&#8220;4.16&#8243; custom_padding=&#8220;||0px|||&#8220; global_colors_info=&#8220;{}&#8220;][et_pb_column type=&#8220;4_4&#8243; _builder_version=&#8220;4.16&#8243; global_colors_info=&#8220;{}&#8220;][et_pb_text _builder_version=&#8220;4.16&#8243; header_font=&#8220;|700||on|||||&#8220; header_text_align=&#8220;center&#8220; header_font_size=&#8220;33px&#8220; header_letter_spacing=&#8220;10px&#8220; custom_margin=&#8220;||10px||false|false&#8220; global_colors_info=&#8220;{}&#8220;]<\/p>\n<h1 style=\"text-align: center;\">Angebote<\/h1>\n<p>[\/et_pb_text][\/et_pb_column][\/et_pb_row][\/et_pb_section][et_pb_section fb_built=&#8220;1&#8243; fullwidth=&#8220;on&#8220; _builder_version=&#8220;4.16&#8243; global_colors_info=&#8220;{}&#8220;][et_pb_fullwidth_menu menu_id=&#8220;10&#8243; _builder_version=&#8220;4.16&#8243; text_orientation=&#8220;center&#8220; global_colors_info=&#8220;{}&#8220;][\/et_pb_fullwidth_menu][\/et_pb_section][et_pb_section fb_built=&#8220;1&#8243; _builder_version=&#8220;4.16&#8243; custom_padding=&#8220;2px|1px||||&#8220; global_colors_info=&#8220;{}&#8220;][et_pb_row module_id=&#8220;anker_tagesbetreuung&#8220; _builder_version=&#8220;4.16&#8243; global_colors_info=&#8220;{}&#8220;][et_pb_column type=&#8220;4_4&#8243; _builder_version=&#8220;4.16&#8243; global_colors_info=&#8220;{}&#8220;][et_pb_divider color=&#8220;#71b500&#8243; _builder_version=&#8220;4.16&#8243; custom_padding=&#8220;||0px|||&#8220; global_colors_info=&#8220;{}&#8220;][\/et_pb_divider][et_pb_text _builder_version=&#8220;4.25.0&#8243; global_colors_info=&#8220;{}&#8220;]<\/p>\n<h1 style=\"text-align: center;\">Schulische Tagesbetreuung<\/h1>\n<h3>Konzept<\/h3>\n<p>Sehr viele Sch\u00fclerInnen kommen schon bald mit dem Schulbus in die Schule (06:30 Uhr). Manche Eltern beginnen fr\u00fch mit der Arbeit, oder k\u00f6nnen am Nachmittag nicht zu Hause sein. Mit dem Angebot der schulischen Tagesbetreuung k\u00f6nnen wir diesen zus\u00e4tzlichen Anforderungen an die Schule gut gerecht werden.<\/p>\n<p>Bereits am Morgen bieten wir ein sehr individuelles Angebot an: Letzte schulische Arbeiten im Lernb\u00fcro (jeden Tag steht ein\/e Mathematik-, Englisch- und Deutsch-LehrerIn zur Verf\u00fcgung), Besuch in der B\u00fccherei, Sportm\u00f6glichkeiten im Turnsaal und beim Tischtennis-Tisch, beim Billard-Tisch und beim Wutzler, auch in den Klassen ist eine Beaufsichtigung eingerichtet.<\/p>\n<p>An einem Tag in der Woche genie\u00dfen alle Sch\u00fclerInnen eine GTS-Stunde am Vormittag mit jenen LehrerInnen, die sie vorher in den Hauptgegenst\u00e4nden unterrichtet haben &#8211; an allen Freitagen eine halbe Stunde GTS-Betreuung. Von Montag bis Donnerstag k\u00f6nnen die Sch\u00fclerInnen individuell GTS-Stunden bis um 16:00 Uhr &#8222;buchen&#8220;. Im Rahmen dieser Einheiten k\u00f6nnen Angebote wie Fotogruppe, Fu\u00dfball, Gitarre oder j\u00e4hrlich wechselnde Angebote genutzt werden. Die Betreuung \u00fcbernehmen zur G\u00e4nze P\u00e4dagogInnen der MINT-MS Wartberg.<\/p>\n<p>[\/et_pb_text][\/et_pb_column][\/et_pb_row][et_pb_row column_structure=&#8220;1_4,3_4&#8243; use_custom_gutter=&#8220;on&#8220; gutter_width=&#8220;1&#8243; _builder_version=&#8220;4.16&#8243; custom_padding=&#8220;||0px|||&#8220; global_colors_info=&#8220;{}&#8220;][et_pb_column type=&#8220;1_4&#8243; _builder_version=&#8220;4.16&#8243; global_colors_info=&#8220;{}&#8220;][et_pb_text _builder_version=&#8220;4.16&#8243; global_colors_info=&#8220;{}&#8220;]<\/p>\n<h3>Fotogruppe<\/h3>\n<p>Ein &#8222;gutes Auge&#8220; f\u00fcrs richtige Bild kann erlernt werden! Unter den &#8222;fachfraulichen&#8220; Anweisungen von Frau Kirchner wird Kreativit\u00e4t und die Nachbearbeitung derselben gro\u00df geschrieben.<\/p>\n<p>[\/et_pb_text][\/et_pb_column][et_pb_column type=&#8220;3_4&#8243; _builder_version=&#8220;4.16&#8243; global_colors_info=&#8220;{}&#8220;][et_pb_gallery gallery_ids=&#8220;218,221,212,214,213,227,226,225,223,222,220,219,224,217,216&#8243; posts_number=&#8220;3&#8243; show_title_and_caption=&#8220;off&#8220; _builder_version=&#8220;4.16&#8243; global_colors_info=&#8220;{}&#8220;][\/et_pb_gallery][\/et_pb_column][\/et_pb_row][et_pb_row column_structure=&#8220;2_5,3_5&#8243; _builder_version=&#8220;4.16&#8243; custom_padding=&#8220;40px||40px||true|&#8220; global_colors_info=&#8220;{}&#8220;][et_pb_column type=&#8220;2_5&#8243; _builder_version=&#8220;4.16&#8243; global_colors_info=&#8220;{}&#8220;][et_pb_image src=&#8220;https:\/\/www.ms-wartberg.at\/wordpress\/wp-content\/uploads\/2024\/05\/Gitarrengruppe-1024&#215;768.jpg&#8220; title_text=&#8220;Gitarrengruppe&#8220; _builder_version=&#8220;4.25.0&#8243; border_radii=&#8220;on|30px|30px|30px|30px&#8220; global_colors_info=&#8220;{}&#8220;][\/et_pb_image][\/et_pb_column][et_pb_column type=&#8220;3_5&#8243; _builder_version=&#8220;4.16&#8243; global_colors_info=&#8220;{}&#8220;][et_pb_text _builder_version=&#8220;4.16&#8243; custom_padding=&#8220;40px|||||&#8220; global_colors_info=&#8220;{}&#8220;]<\/p>\n<h3>Gitarrengruppe<\/h3>\n<p>Musikalisch Interessierte sind gerne willkommen in der Gitarrengruppe. Auch ohne Vorkenntnisse kann hier unter der Begleitung von Frau Hieslmair das &#8222;Begleiten&#8220; erlernt werden. Kleine Auftritte im Rahmen von Schulfeiern sind das Ziel!<\/p>\n<p>[\/et_pb_text][\/et_pb_column][\/et_pb_row][et_pb_row _builder_version=&#8220;4.16&#8243; global_colors_info=&#8220;{}&#8220;][et_pb_column type=&#8220;4_4&#8243; _builder_version=&#8220;4.16&#8243; global_colors_info=&#8220;{}&#8220;][et_pb_divider color=&#8220;#1296e1&#8243; _builder_version=&#8220;4.16&#8243; custom_padding=&#8220;||0px|||&#8220; global_colors_info=&#8220;{}&#8220;][\/et_pb_divider][\/et_pb_column][\/et_pb_row][et_pb_row module_id=&#8220;anker_bib&#8220; _builder_version=&#8220;4.16&#8243; global_colors_info=&#8220;{}&#8220;][et_pb_column type=&#8220;4_4&#8243; _builder_version=&#8220;4.16&#8243; global_colors_info=&#8220;{}&#8220;][et_pb_text _builder_version=&#8220;4.16&#8243; global_colors_info=&#8220;{}&#8220;]<\/p>\n<h2>Bibliothek<\/h2>\n<p>&nbsp;<\/p>\n<p>In unserer ger\u00e4umigen und hellen Bibliothek findet man Lesestoff nach jedem Geschmack. Viel Sonnenlicht, Spiele, B\u00fccher und gem\u00fctliche Ecken laden zum Verweilen und Schm\u00f6kern ein.<\/p>\n<p>Frau Reichl bietet folgende \u00d6ffnungszeiten im Schuljahr 2025-2026 an:<br \/>Mo.:\u00a0 \u00a0 \u00a0 \u00a0 \u00a07:05 &#8211; 7:30 Uhr<br \/>Di., Mi.:\u00a0 12:30 &#8211; 12:55 Uhr<br \/>Do.:\u00a0 \u00a0 \u00a0 \u00a0 \u00a012:30 &#8211; 13:20 Uhr<\/p>\n<p>[\/et_pb_text][\/et_pb_column][\/et_pb_row][et_pb_row use_custom_gutter=&#8220;on&#8220; gutter_width=&#8220;1&#8243; _builder_version=&#8220;4.16&#8243; custom_padding=&#8220;0px|0px|0px|0px|true|false&#8220; global_colors_info=&#8220;{}&#8220;][et_pb_column type=&#8220;4_4&#8243; _builder_version=&#8220;4.16&#8243; custom_padding=&#8220;0px|0px|0px|0px|true|true&#8220; global_colors_info=&#8220;{}&#8220;][et_pb_gallery gallery_ids=&#8220;187,188,189,190,195,196,197&#8243; show_title_and_caption=&#8220;off&#8220; _builder_version=&#8220;4.16&#8243; global_colors_info=&#8220;{}&#8220;][\/et_pb_gallery][\/et_pb_column][\/et_pb_row][et_pb_row use_custom_gutter=&#8220;on&#8220; gutter_width=&#8220;1&#8243; _builder_version=&#8220;4.16&#8243; global_colors_info=&#8220;{}&#8220;][et_pb_column type=&#8220;4_4&#8243; _builder_version=&#8220;4.16&#8243; global_colors_info=&#8220;{}&#8220;][et_pb_text _builder_version=&#8220;4.16&#8243; global_colors_info=&#8220;{}&#8220;]<\/p>\n<h3>Neue B\u00fccher in den Regalen: <\/h3>\n<p>[\/et_pb_text][et_pb_gallery gallery_ids=&#8220;194,193,192,191&#8243; show_title_and_caption=&#8220;off&#8220; _builder_version=&#8220;4.16&#8243; global_colors_info=&#8220;{}&#8220;][\/et_pb_gallery][\/et_pb_column][\/et_pb_row][et_pb_row _builder_version=&#8220;4.16&#8243; global_colors_info=&#8220;{}&#8220;][et_pb_column type=&#8220;4_4&#8243; _builder_version=&#8220;4.16&#8243; global_colors_info=&#8220;{}&#8220;][et_pb_divider color=&#8220;#d5006e&#8220; _builder_version=&#8220;4.16&#8243; custom_padding=&#8220;||0px|||&#8220; global_colors_info=&#8220;{}&#8220;][\/et_pb_divider][et_pb_text disabled_on=&#8220;on|on|on&#8220; module_id=&#8220;anker_fachbereiche&#8220; _builder_version=&#8220;4.16&#8243; custom_margin=&#8220;||7px|||&#8220; disabled=&#8220;on&#8220; global_colors_info=&#8220;{}&#8220;]<\/p>\n<h2>Fachbereiche<\/h2>\n<p>In den 4. Klassen gibt es an unserer Schule drei Fachbereiche. Die Sch\u00fclerInnen entscheiden sich am Ende der 3. Klasse f\u00fcr &#8222;Kaufm\u00e4nnisch-Kommunikativ&#8220;, &#8222;Sozial-Kreativ&#8220; oder &#8222;Handwerklich-Technisch&#8220;. Hier werden dann in unseren Abschlussklassen je zwei Wochenstunden im gew\u00e4hlten Fachbereich unterrichtet.<\/p>\n<p style=\"text-align: center;\">Eine genauere Beschreibung der drei Bereiche finden Sie hier:<\/p>\n<p>[\/et_pb_text][et_pb_button button_url=&#8220;https:\/\/www.ms-wartberg.at\/wordpress\/wp-content\/uploads\/2020\/09\/Fachbereiche-1.9.2020.pdf&#8220; url_new_window=&#8220;on&#8220; button_text=&#8220;Download PDF&#8220; button_alignment=&#8220;center&#8220; disabled_on=&#8220;on|on|on&#8220; _builder_version=&#8220;4.16&#8243; custom_button=&#8220;on&#8220; button_text_color=&#8220;#ffffff&#8220; button_bg_color=&#8220;#71b500&#8243; button_icon=&#8220;&#x35;||divi||400&#8243; button_icon_color=&#8220;#71b500&#8243; disabled=&#8220;on&#8220; global_colors_info=&#8220;{}&#8220; button_text_color__hover_enabled=&#8220;on|hover&#8220; button_text_color__hover=&#8220;#71b500&#8243; button_bg_color__hover_enabled=&#8220;on|hover&#8220; button_bg_color__hover=&#8220;#ffffff&#8220; button_bg_enable_color__hover=&#8220;on&#8220;][\/et_pb_button][\/et_pb_column][\/et_pb_row][et_pb_row _builder_version=&#8220;4.16&#8243; global_colors_info=&#8220;{}&#8220;][et_pb_column type=&#8220;4_4&#8243; _builder_version=&#8220;4.16&#8243; global_colors_info=&#8220;{}&#8220;][et_pb_divider color=&#8220;#71b500&#8243; disabled_on=&#8220;on|on|on&#8220; _builder_version=&#8220;4.16&#8243; custom_padding=&#8220;||0px|||&#8220; disabled=&#8220;on&#8220; global_colors_info=&#8220;{}&#8220;][\/et_pb_divider][et_pb_text module_id=&#8220;anker_lernbuero&#8220; _builder_version=&#8220;4.16&#8243; custom_margin=&#8220;||7px|||&#8220; global_colors_info=&#8220;{}&#8220;]<\/p>\n<h2>Lernb\u00fcro<\/h2>\n<p>Jeden Tag ist von 7:05 Uhr bis 7:30 Uhr unser &#8222;Lernb\u00fcro&#8220; ge\u00f6ffnet. In den GTS-R\u00e4umen kann man einem Fachlehrer, einer Fachlehrerin Fragen zum aktuellen Stoff stellen, Vers\u00e4umtes nachholen, f\u00fcr die n\u00e4chste Schularbeit \u00fcben oder in Ruhe die letzten Vokabeln wiederholen. <\/p>\n<p style=\"text-align: center;\">Die genauen \u00d6ffnungszeiten finden Sie hier:<\/p>\n<p>[\/et_pb_text][et_pb_button button_url=&#8220;https:\/\/www.ms-wartberg.at\/wordpress\/wp-content\/uploads\/2025\/09\/Lernbuero-am-Morgen-25-26.pdf&#8220; url_new_window=&#8220;on&#8220; button_text=&#8220;Download PDF&#8220; button_alignment=&#8220;center&#8220; _builder_version=&#8220;4.27.4&#8243; custom_button=&#8220;on&#8220; button_text_color=&#8220;#ffffff&#8220; button_bg_color=&#8220;#1296e1&#8243; button_icon=&#8220;&#x35;||divi||400&#8243; button_icon_color=&#8220;#1296e1&#8243; hover_enabled=&#8220;0&#8243; global_colors_info=&#8220;{}&#8220; button_text_color__hover_enabled=&#8220;on|hover&#8220; button_text_color__hover=&#8220;#1296e1&#8243; button_bg_color__hover_enabled=&#8220;on|desktop&#8220; button_bg_color__hover=&#8220;#ffffff&#8220; button_bg_enable_color__hover=&#8220;on&#8220; sticky_enabled=&#8220;0&#8243;][\/et_pb_button][\/et_pb_column][\/et_pb_row][et_pb_row _builder_version=&#8220;4.16&#8243; global_colors_info=&#8220;{}&#8220;][et_pb_column type=&#8220;4_4&#8243; _builder_version=&#8220;4.16&#8243; global_colors_info=&#8220;{}&#8220;][et_pb_divider color=&#8220;#1296e1&#8243; _builder_version=&#8220;4.16&#8243; custom_margin=&#8220;||70px|||&#8220; custom_padding=&#8220;||0px|||&#8220; global_colors_info=&#8220;{}&#8220;][\/et_pb_divider][et_pb_text content_tablet=&#8220;&#8220; content_phone=&#8220;&#8220; content_last_edited=&#8220;on|phone&#8220; module_id=&#8220;anker_projekte&#8220; _builder_version=&#8220;4.16&#8243; header_font_size=&#8220;25px&#8220; global_colors_info=&#8220;{}&#8220;]<\/p>\n<h1 style=\"text-align: center;\">Projekte &amp; Schulveranstaltungen<\/h1>\n<p>[\/et_pb_text][\/et_pb_column][\/et_pb_row][et_pb_row column_structure=&#8220;1_2,1_2&#8243; _builder_version=&#8220;4.16&#8243; global_colors_info=&#8220;{}&#8220;][et_pb_column type=&#8220;1_2&#8243; _builder_version=&#8220;4.16&#8243; global_colors_info=&#8220;{}&#8220;][et_pb_image src=&#8220;https:\/\/www.ms-wartberg.at\/wordpress\/wp-content\/uploads\/2019\/09\/Schullandwoche.jpg&#8220; _builder_version=&#8220;4.25.0&#8243; border_radii=&#8220;on|30px|30px|30px|30px&#8220; global_colors_info=&#8220;{}&#8220;][\/et_pb_image][et_pb_text _builder_version=&#8220;4.16&#8243; global_colors_info=&#8220;{}&#8220;]<\/p>\n<h3>Schullandwoche<\/h3>\n<p>In der ersten Klasse lernen wir uns selbst als neue Gemeinschaft und auch ein St\u00fcckchen unserer Heimat \u00d6sterreich kennen. In Altenmarkt im Pongau ist beides perfekt vereinbar.<\/p>\n<p>[\/et_pb_text][\/et_pb_column][et_pb_column type=&#8220;1_2&#8243; _builder_version=&#8220;4.16&#8243; global_colors_info=&#8220;{}&#8220;][et_pb_image src=&#8220;https:\/\/www.ms-wartberg.at\/wordpress\/wp-content\/uploads\/2019\/10\/skikurs.jpg&#8220; align=&#8220;center&#8220; _builder_version=&#8220;4.25.0&#8243; width=&#8220;90%&#8220; border_radii=&#8220;on|30px|30px|30px|30px&#8220; global_colors_info=&#8220;{}&#8220;][\/et_pb_image][et_pb_text _builder_version=&#8220;4.25.0&#8243; global_colors_info=&#8220;{}&#8220;]<\/p>\n<h3>Winter- und Sommersportwoche<\/h3>\n<p>In der 2. ist eine Winter-\u00a0 bzw. in der 3. eine Sommersportwoche geplant, die meist in Saalbach HInterglemm bzw. Altenmarkt durchgef\u00fchrt wird. Teilweise wird die Sommersportwoche mit einem Englisch-Schwerpunkt organisiert.<\/p>\n<p>[\/et_pb_text][\/et_pb_column][\/et_pb_row][et_pb_row column_structure=&#8220;1_2,1_2&#8243; _builder_version=&#8220;4.16&#8243; global_colors_info=&#8220;{}&#8220;][et_pb_column type=&#8220;1_2&#8243; _builder_version=&#8220;4.16&#8243; global_colors_info=&#8220;{}&#8220;][et_pb_image src=&#8220;https:\/\/www.ms-wartberg.at\/wordpress\/wp-content\/uploads\/2019\/09\/DSC5344.jpg&#8220; _builder_version=&#8220;4.25.0&#8243; border_radii=&#8220;on|30px|30px|30px|30px&#8220; global_colors_info=&#8220;{}&#8220;][\/et_pb_image][et_pb_text _builder_version=&#8220;4.16&#8243; global_colors_info=&#8220;{}&#8220;]<\/p>\n<h3>Wienwoche<\/h3>\n<p>Eines der Highlights in der 4. Klasse ist sicher die Wienwoche. Nicht nur das Kennenlernen der Bundeshauptstadt und ihrer Kulturg\u00fcter steht im Vordergrund, sondern auch das Genie\u00dfen der gemeinsamen Zeit in der Klassengemeinschaft. <\/p>\n<p>[\/et_pb_text][\/et_pb_column][et_pb_column type=&#8220;1_2&#8243; _builder_version=&#8220;4.16&#8243; global_colors_info=&#8220;{}&#8220;][et_pb_image src=&#8220;https:\/\/www.ms-wartberg.at\/wordpress\/wp-content\/uploads\/2024\/06\/20240611_145306-768&#215;1024.jpg&#8220; title_text=&#8220;20240611_145306&#8243; align=&#8220;center&#8220; _builder_version=&#8220;4.25.0&#8243; width=&#8220;46%&#8220; border_radii=&#8220;on|30px|30px|30px|30px&#8220; global_colors_info=&#8220;{}&#8220;][\/et_pb_image][et_pb_text _builder_version=&#8220;4.16&#8243; global_colors_info=&#8220;{}&#8220;]<\/p>\n<h3>Erste Hilfe &#8211; Kurse<\/h3>\n<p>In den 4. Klassen bieten wir jedes Jahr einen 16-st\u00fcndigen EH-Kurs an. Frau Holzinger und Frau Klamer bereiten unsere Sch\u00fclerInnen bestm\u00f6glich auf den Ernstfall vor. Auch bei Bewerben sind wir regelm\u00e4\u00dfig und erfolgreich vertreten.<\/p>\n<p>[\/et_pb_text][\/et_pb_column][\/et_pb_row][et_pb_row column_structure=&#8220;1_2,1_2&#8243; _builder_version=&#8220;4.16&#8243; global_colors_info=&#8220;{}&#8220;][et_pb_column type=&#8220;1_2&#8243; _builder_version=&#8220;4.16&#8243; global_colors_info=&#8220;{}&#8220;][et_pb_image src=&#8220;https:\/\/www.ms-wartberg.at\/wordpress\/wp-content\/uploads\/2024\/06\/20240611_145223-768&#215;1024.jpg&#8220; title_text=&#8220;20240611_145223&#8243; align=&#8220;center&#8220; _builder_version=&#8220;4.25.0&#8243; width=&#8220;50%&#8220; border_radii=&#8220;on|30px|30px|30px|30px&#8220; global_colors_info=&#8220;{}&#8220;][\/et_pb_image][et_pb_text _builder_version=&#8220;4.16&#8243; global_colors_info=&#8220;{}&#8220;]<\/p>\n<h3>Sch\u00fcler retten Leben<\/h3>\n<p>In jeder Schulstufe erhalten unsere Sch\u00fclerInnen eine Grundausbildung in Mund-zu-Mund-Beatmung und Herzdruckmassage. Da Herzinfarkt bzw. -stillstand leider immer h\u00e4ufiger werden, soll jeder von uns zum Ersthelfer werden k\u00f6nnen.<\/p>\n<p>[\/et_pb_text][\/et_pb_column][et_pb_column type=&#8220;1_2&#8243; _builder_version=&#8220;4.16&#8243; global_colors_info=&#8220;{}&#8220;][et_pb_image src=&#8220;https:\/\/www.ms-wartberg.at\/wordpress\/wp-content\/uploads\/2019\/09\/6-e1569071313341.jpg&#8220; align=&#8220;center&#8220; _builder_version=&#8220;4.25.0&#8243; max_height=&#8220;322px&#8220; border_radii=&#8220;on|30px|30px|30px|30px&#8220; global_colors_info=&#8220;{}&#8220;][\/et_pb_image][et_pb_text _builder_version=&#8220;4.16&#8243; global_colors_info=&#8220;{}&#8220;]<\/p>\n<h3>Under 18<\/h3>\n<p>Schon viele Jahre kommt die Polizei zu uns in die 3. Klassen. In diesem Projekt geht es um Pr\u00e4vention von Gewalt und (Cyber-)Mobbing, aber auch um den richtigen Umgang mit digitalen Medien.<\/p>\n<p>[\/et_pb_text][\/et_pb_column][\/et_pb_row][et_pb_row column_structure=&#8220;1_2,1_2&#8243; _builder_version=&#8220;4.16&#8243; global_colors_info=&#8220;{}&#8220;][et_pb_column type=&#8220;1_2&#8243; _builder_version=&#8220;4.16&#8243; global_colors_info=&#8220;{}&#8220;][et_pb_image src=&#8220;https:\/\/www.ms-wartberg.at\/wordpress\/wp-content\/uploads\/2024\/05\/Krebshilfesammlung_2024.jpg&#8220; title_text=&#8220;Krebshilfesammlung_2024&#8243; align=&#8220;center&#8220; _builder_version=&#8220;4.25.0&#8243; max_height=&#8220;365px&#8220; border_radii=&#8220;on|30px|30px|30px|30px&#8220; global_colors_info=&#8220;{}&#8220;][\/et_pb_image][et_pb_text _builder_version=&#8220;4.16&#8243; global_colors_info=&#8220;{}&#8220;]<\/p>\n<h3>Krebshilfesammlung<\/h3>\n<p>Jedes Jahr im Fr\u00fchling &#8222;schw\u00e4rmen&#8220; Freiwillige unserer Schule aus, um die Ober\u00f6sterreichische Krebshilfe zu unterst\u00fctzen. Bei dieser Haussammlung in den Wohngebieten unserer Sch\u00fclerInnen opfern die SammlerInnen einen Teil ihrer Freizeit f\u00fcr eine wirklich gute Sache.<\/p>\n<p>[\/et_pb_text][\/et_pb_column][et_pb_column type=&#8220;1_2&#8243; _builder_version=&#8220;4.16&#8243; global_colors_info=&#8220;{}&#8220;][et_pb_image src=&#8220;https:\/\/www.ms-wartberg.at\/wordpress\/wp-content\/uploads\/2024\/06\/lions-club-1024&#215;712.jpg&#8220; title_text=&#8220;lions club&#8220; _builder_version=&#8220;4.25.0&#8243; width=&#8220;100%&#8220; global_colors_info=&#8220;{}&#8220;][\/et_pb_image][et_pb_text _builder_version=&#8220;4.16&#8243; global_colors_info=&#8220;{}&#8220;]<\/p>\n<h3>Lions<\/h3>\n<p>In der Adventzeit unterst\u00fctzen unsere Sch\u00fclerInnen freiwillig den Verkauf von Adventkalendern. Der Lions Club Kremsm\u00fcnster erh\u00e4lt dadurch wieder mehr Spielraum, Bed\u00fcrftigen mit dem Erl\u00f6s aus den Kalendern zu helfen.<\/p>\n<p>[\/et_pb_text][\/et_pb_column][\/et_pb_row][et_pb_row _builder_version=&#8220;4.16&#8243; global_colors_info=&#8220;{}&#8220;][et_pb_column type=&#8220;4_4&#8243; _builder_version=&#8220;4.16&#8243; global_colors_info=&#8220;{}&#8220;][et_pb_divider color=&#8220;#d5006e&#8220; _builder_version=&#8220;4.16&#8243; custom_margin=&#8220;||70px|||&#8220; custom_padding=&#8220;||0px|||&#8220; global_colors_info=&#8220;{}&#8220;][\/et_pb_divider][et_pb_text module_id=&#8220;anker_feste&#8220; _builder_version=&#8220;4.16&#8243; global_colors_info=&#8220;{}&#8220;]<\/p>\n<h1 style=\"text-align: center;\">Feste &amp; Feiern<\/h1>\n<p>[\/et_pb_text][\/et_pb_column][\/et_pb_row][et_pb_row column_structure=&#8220;3_5,2_5&#8243; _builder_version=&#8220;4.16&#8243; global_colors_info=&#8220;{}&#8220;][et_pb_column type=&#8220;3_5&#8243; _builder_version=&#8220;4.16&#8243; global_colors_info=&#8220;{}&#8220;][et_pb_image src=&#8220;https:\/\/www.ms-wartberg.at\/wordpress\/wp-content\/uploads\/2024\/07\/P7010038-1024&#215;683.jpg&#8220; title_text=&#8220;P7010038&#8243; align=&#8220;right&#8220; _builder_version=&#8220;4.25.0&#8243; max_height=&#8220;322px&#8220; border_radii=&#8220;on|30px|30px|30px|30px&#8220; global_colors_info=&#8220;{}&#8220;][\/et_pb_image][\/et_pb_column][et_pb_column type=&#8220;2_5&#8243; _builder_version=&#8220;4.16&#8243; global_colors_info=&#8220;{}&#8220;][et_pb_text _builder_version=&#8220;4.16&#8243; min_height=&#8220;149px&#8220; custom_padding=&#8220;29px|||||&#8220; global_colors_info=&#8220;{}&#8220;]<\/p>\n<h3>Schulolympiade<\/h3>\n<p>Traditionell findet in der vorletzten Schulwoche unsere Schulolympiade statt, an dem sich unsere Sch\u00fclerInnen in den verschiedensten Bewerben messen k\u00f6nnen. Auch klassische Teambewerbe wie Seilziehen oder Staffellauf finden hier Platz.<\/p>\n<p>[\/et_pb_text][\/et_pb_column][\/et_pb_row][et_pb_row column_structure=&#8220;3_5,2_5&#8243; _builder_version=&#8220;4.16&#8243; global_colors_info=&#8220;{}&#8220;][et_pb_column type=&#8220;3_5&#8243; _builder_version=&#8220;4.16&#8243; global_colors_info=&#8220;{}&#8220;][et_pb_image src=&#8220;https:\/\/www.ms-wartberg.at\/wordpress\/wp-content\/uploads\/2019\/09\/Abschlussfeier-4.Klassen.jpg&#8220; align=&#8220;right&#8220; _builder_version=&#8220;4.25.0&#8243; max_height=&#8220;322px&#8220; border_radii=&#8220;on|30px|30px|30px|30px&#8220; global_colors_info=&#8220;{}&#8220;][\/et_pb_image][\/et_pb_column][et_pb_column type=&#8220;2_5&#8243; _builder_version=&#8220;4.16&#8243; global_colors_info=&#8220;{}&#8220;][et_pb_text _builder_version=&#8220;4.16&#8243; min_height=&#8220;149px&#8220; custom_padding=&#8220;29px|||||&#8220; global_colors_info=&#8220;{}&#8220;]<\/p>\n<h3>Abschlussfeier<\/h3>\n<p>F\u00fcr unsere 4. Klassen gibt es jedes Jahr zum Schulabschluss eine gro\u00dfe Feier im Turnsaal, bei der unsere B\u00fchne mit den verschiedensten Beitr\u00e4gen aus unterschiedlichen Klassen belebt wird. Ein w\u00fcrdiger Abschluss f\u00fcr vier Jahre MS Wartberg.<\/p>\n<p>[\/et_pb_text][\/et_pb_column][\/et_pb_row][et_pb_row column_structure=&#8220;3_5,2_5&#8243; _builder_version=&#8220;4.16&#8243; global_colors_info=&#8220;{}&#8220;][et_pb_column type=&#8220;3_5&#8243; _builder_version=&#8220;4.16&#8243; global_colors_info=&#8220;{}&#8220;][et_pb_image src=&#8220;https:\/\/www.ms-wartberg.at\/wordpress\/wp-content\/uploads\/2019\/09\/Gottesdienst-Herbst-2019.jpg&#8220; align=&#8220;right&#8220; _builder_version=&#8220;4.25.0&#8243; max_height=&#8220;322px&#8220; border_radii=&#8220;on|30px|30px|30px|30px&#8220; global_colors_info=&#8220;{}&#8220;][\/et_pb_image][\/et_pb_column][et_pb_column type=&#8220;2_5&#8243; _builder_version=&#8220;4.16&#8243; global_colors_info=&#8220;{}&#8220;][et_pb_text _builder_version=&#8220;4.16&#8243; min_height=&#8220;149px&#8220; custom_padding=&#8220;29px|||||&#8220; global_colors_info=&#8220;{}&#8220;]<\/p>\n<h3>Gottesdienste<\/h3>\n<p>Da es uns ein Anliegen ist, dass gewisse Werte und Traditionen in unserer Schule erhalten bleiben, sind wir froh und stolz darauf, dass wir zu Beginn und Ende eines Schuljahres, sowie zu Ostern und zu Weihnachten, Gottesdienste durchf\u00fchren k\u00f6nnen.<\/p>\n<p>[\/et_pb_text][\/et_pb_column][\/et_pb_row][et_pb_row column_structure=&#8220;3_5,2_5&#8243; _builder_version=&#8220;4.16&#8243; global_colors_info=&#8220;{}&#8220;][et_pb_column type=&#8220;3_5&#8243; _builder_version=&#8220;4.16&#8243; global_colors_info=&#8220;{}&#8220;][et_pb_image src=&#8220;https:\/\/www.ms-wartberg.at\/wordpress\/wp-content\/uploads\/2024\/06\/IMG_4957-794&#215;1024.jpeg&#8220; title_text=&#8220;IMG_4957&#8243; align=&#8220;right&#8220; _builder_version=&#8220;4.25.0&#8243; max_height=&#8220;322px&#8220; border_radii=&#8220;on|30px|30px|30px|30px&#8220; global_colors_info=&#8220;{}&#8220;][\/et_pb_image][\/et_pb_column][et_pb_column type=&#8220;2_5&#8243; _builder_version=&#8220;4.16&#8243; global_colors_info=&#8220;{}&#8220;][et_pb_text _builder_version=&#8220;4.16&#8243; min_height=&#8220;149px&#8220; custom_padding=&#8220;29px|||||&#8220; global_colors_info=&#8220;{}&#8220;]<\/p>\n<h3>Adventkranzweihe<\/h3>\n<p>Der Adventkranz als Symbol der Vorbereitungszeit darf in keiner unserer Klassen fehlen. Deswegen beginnen wir den Advent jedes Jahr mit einer kleinen gemeinsamen Segnungsfeier. <\/p>\n<p>[\/et_pb_text][\/et_pb_column][\/et_pb_row][\/et_pb_section]<\/p>\n","protected":false},"excerpt":{"rendered":"<p>AngeboteSchulische Tagesbetreuung Konzept Sehr viele Sch\u00fclerInnen kommen schon bald mit dem Schulbus in die Schule (06:30 Uhr). Manche Eltern beginnen fr\u00fch mit der Arbeit, oder k\u00f6nnen am Nachmittag nicht zu Hause sein. Mit dem Angebot der schulischen Tagesbetreuung k\u00f6nnen wir diesen zus\u00e4tzlichen Anforderungen an die Schule gut gerecht werden. Bereits am Morgen bieten wir ein [&hellip;]<\/p>\n","protected":false},"author":1,"featured_media":0,"parent":0,"menu_order":0,"comment_status":"closed","ping_status":"closed","template":"","meta":{"_et_pb_use_builder":"on","_et_pb_old_content":"","_et_gb_content_width":"","footnotes":""},"class_list":["post-46","page","type-page","status-publish","hentry"],"_links":{"self":[{"href":"https:\/\/www.ms-wartberg.at\/index.php?rest_route=\/wp\/v2\/pages\/46","targetHints":{"allow":["GET"]}}],"collection":[{"href":"https:\/\/www.ms-wartberg.at\/index.php?rest_route=\/wp\/v2\/pages"}],"about":[{"href":"https:\/\/www.ms-wartberg.at\/index.php?rest_route=\/wp\/v2\/types\/page"}],"author":[{"embeddable":true,"href":"https:\/\/www.ms-wartberg.at\/index.php?rest_route=\/wp\/v2\/users\/1"}],"replies":[{"embeddable":true,"href":"https:\/\/www.ms-wartberg.at\/index.php?rest_route=%2Fwp%2Fv2%2Fcomments&post=46"}],"version-history":[{"count":93,"href":"https:\/\/www.ms-wartberg.at\/index.php?rest_route=\/wp\/v2\/pages\/46\/revisions"}],"predecessor-version":[{"id":4081,"href":"https:\/\/www.ms-wartberg.at\/index.php?rest_route=\/wp\/v2\/pages\/46\/revisions\/4081"}],"wp:attachment":[{"href":"https:\/\/www.ms-wartberg.at\/index.php?rest_route=%2Fwp%2Fv2%2Fmedia&parent=46"}],"curies":[{"name":"wp","href":"https:\/\/api.w.org\/{rel}","templated":true}]}}